(49 - (-48 - -205)).
40
Evaluate (0 + 10 - (18 - (-35 - -49))) + 10.
16
What is -42 + (-1 - ((4 - 7 - -1) + -9) - 1)?
-33
What is the value of 64 + 81 + -127 - -124?
142
What is -1 - 21 - (78 - (-20 + 89))?
-31
What is the value of (-47 - (7 - 1)) + (-29 + 10 - 16 - -20)?
-68
Calculate 240 + -264 - (-17 + 1) - (132 + -8 + 4).
-136
Evaluate -39 + ((-2 - -1) + -2 - (428 + -435)).
-35
0 - 7 - (272 - 271) - (-8 + 7)
-7
(-54 - (-36 - 15)) + 31
28
What is the value of -2057 + 2117 - (-3 + 74)?
-11
Evaluate -11 + -23 + 26 + 6 + -7 + (4 - -1).
-4
Evaluate (71 + 69 + -58 - 87) + (1 - (59 + -1)).
-62
What is the value of -2 + (22 - 1) + (1743 - 1743) + 78?
97
(-30 - (-37 + (-18 - -22)) - -12) + -13 + -1
1
What is -35 + 22 - (-7 - 5) - (0 - -124)?
-125
What is -3 - (-17 + 7) - ((-81 - -2) + -126 + 139)?
73
What is the value of 16 + -14 + (-3 - (-24 + 14 + 2)) + 49?
56
What is the value of (5260 - 5318) + -9 + -6?
-73
Calculate (-90 - (-50 + -47)) + 0 + (-17 - -2).
-8
Calculate 3 + (39 - 2) + (73 - (181 + -124)).
56
What is -17 - (6 + (15 - 1) + -24)?
-13
Calculate (32 + -59 - -25) + -9 + 80.
69
Evaluate 7 - ((4 - 2) + -6 + 39 + 11).
-39
What is 68 + (349 - 362) + (-2 - (1 - 12))?
64
What is the value of (1 + -32 + 34 - 1) + -37 + 1?
-34
Calculate 35 - 109 - (-29 - 31).
-14
Evaluate (1 - (-15 + 1 - (25 + -22 + -9))) + -1.
8
What is the value of 12190 + -12264 - (-23 - 0)?
-51
Evaluate 395 - 380 - ((4 - 5) + 28) - -120.
108
-4 + (-20 + 11 + 14 + 14 - -3)
18
What is (8 - (-2 + 2 + 2)) + (-130 - -124)?
0
-100 - -106 - ((13 - 9) + (-7 - -1))
8
What is (4 + -1 - (-17 - 12)) + (1 - -4 - 4)?
33
Evaluate -1 + 42 - (4 + (-32 - -23)).
46
What is the value of (24 - -27) + -168 + -29?
-146
What is -9 + 17 + -22 + -4 + 16?
-2
What is 42 + (-24 - (-22 + -6) - -4)?
50
-1 + -1 - (-66 + (107 - 52))
9
-18 + 0 + -41 + 224 + -117
48
What is the value of -1 - ((-2 - 4) + 60 + (73 - 74))?
-54
(-15 + -4 - -35) + 5 + -4
17
What is 144 - (141 - (100 + -7))?
96
What is the value of (-3 - 7) + 64 + (-35 - -28)?
47
What is the value of 34 - (-1 - 23 - (529 + -539))?
48
What is -18 + 39 + -63 + -19?
-61
Evaluate (-14 - (-11 - -10)) + 14 - 21.
-20
What is (-21 - 4 - -20) + (-1 - -20)?
14
What is -79 - ((0 - 44) + 4)?
-39
(48 - -3 - (-763 + 746)) + 2 + -21
49
Evaluate -15 - (-40 - -72 - 88).
41
5 + 18 + 16 + 5 - 45
-1
What is -7 + 3 + -12 - (34 - 73)?
23
What is -26 + 8 + (-30 + 12 + -7 + 2 - -11)?
-30
Evaluate (-32 + -3 - -34 - 9) + (-2 - -3).
-9
Calculate 9 - (1 - -112 - (-28 - (-36 - -19))).
-115
Evaluate 14 - (329 + -322 - (-35 + 1)).
-27
Calculate (54 + 11 + -44 - 18) + 1 + -6 - 10.
-12
Calculate 3 + -10 + (-3 - 20 - (-5 - -3 - 3)).
-25
-1096 - -1047 - (-10 + 36)
-75
What is (-6 - -8 - ((8 - 11) + 11 - 11)) + 9?
14
What is 30 + (5 - (13 + -2 + 2 - 16)) - 5?
33
What is the value of -157 - -125 - ((10 - 17) + -17)?
-8
3 + 87 - ((-43 - (40 + -76)) + 23)
74
Calculate (-44 - -26) + (12 - 14) + 15.
-5
Calculate -29 + 4 + (-26 - -9) - -111.
69
What is the value of 437 + -432 + (-2 + -9 - (-4 - -1)) + 14?
11
2 - -12 - (-15 + (25 - 5) - -20)
-11
Evaluate -116 + (13 - -12 - 2) - -23.
-70
Evaluate (-8 - ((-10 - -13) + 7 + 24)) + (-14 - -3).
-53
Evaluate (4 - -31) + (22 - (-5 - 4)).
66
Calculate 6 + -152 + 158 + (0 - 0) + -9 - 25.
-22
Calculate 7 + (4 - ((-3 - 23) + 14 + (7 - 11))).
27
-55 - (73 + -143 + 21)
-6
What is (0 - 0) + -4 + 15 + -1 + 13 + -25?
-2
1 + 15 - (161 - 160) - (24 - -5)
-14
-22 - (-13 - (90 + -4 + -20))
57
Evaluate -118 + -60 + (4 - -273).
99
What is -38 + 4 - ((-14 - (21 - 29)) + -11)?
-17
Evaluate -86 - (-34 - (4 - -15 - 9)).
-42
(29 - (-12 - -33)) + 9
17
What is -34 - (32 + 29 + -33) - -4?
-58
What is (-896 - -942) + (-56 - 0)?
-10
Calculate (1 + 0 - (1 + -4)) + (-214 - -331 - 65).
56
(-28 - -36) + -20 + 4 - (0 + 19)
-27
What is the value of 94 + -65 + -31 + -2 + -11?
-15
What is -114 - ((-1 - (-1 - -1)) + 11390 + -11407)?
-96
-56 + (15 - -33 - 25)
-33
What is the value of (2628 - 2659) + (0 - -34)?
3
(-1 - -118) + (12992 - 13140)
-31
What is -94 - (15 - (79 - 16))?
-46
Calculate (41 + -43 - (7 + 4 + -4)) + 24.
15
What is 22 + (13 - 10) + -12 - 57?
-44
What is 25 + -56 + 33 - ((-4 - -96) + -10)?
-80
(7 - -18) + 4 - (-125 - -146)
8
What is (10 - (-8 + 27) - -1 - -6) + 13?
11
15 - (3 + 2) - 15
-5
What is -16 - ((14 + -12 - -11) + -55 + -15)?
41
What is the value of -43 + (-2 - -9) + 35?
-1
24 - ((5 + -30 - -161) + -36)
-76
What is the value of 121 + (-80 - (-45 - -41))?
45
What is the value of 0 + -12 + (-8 - -27) - 23?
-16
Evaluate 19 - 21 - -7 - (47 + (-6 - -3)).
-39
0 + -33 + (-63 - -27) + (33 - 15)
-51
Calculate 2 + 55 - (-20 - (-25 + (44 - 25))).
71
Evaluate -52 - 0 - (-12135 - -12153).
-70
Evaluate (6 - (9 + 4)) + (-10 - (-27 - 68)).
78
Calculate 22 + (-31 - 33) + 41.
-1
What is the value of -1 + -29 + (-1510 - -1561) - 22?
-1
What is the value of -23 + -30 + 16 - (-6 + 3 + 15)?
-49
Evaluate -51 - (9 - (17 + (-32 - -14)) - -5).
-66
8 + (19 - (5 + 3 - 10))
29
What is the value of (37 - -4) + (-7 + 2 - -4)?
40
What is 1 + 9 - (287 - 249)?
-28
What is 2 - -28 - ((38 - 1) + -13 + -34)?
40
2 - (1544 - 1425 - (0 + 24))
-93
What is the value of (-78 - -2) + (7 + -3 + 1 + -10 - -5)?
-76
(-19 + 9 + 32 - (2 - -21)) + -131
-132
What is (-80 - 1) + (-38 - -14) + -5 + 13 + 8?
-89
What is -14 + 45 + -11 + -26 - 111?
-117
What is the value of (-7 - -1) + 8 + (-1 - 7 - 9) + 6?
-9
(720 - 662) + 2 + -20
40
Evaluate -7 + 3 - (306 - 304).
-6
What is -142 + (13 - 11) - (25 + -31)?
-134
Evaluate -85 - ((20 - -10 - 36) + -19).
-60
Calculate 13 - (2 + -3) - (10 + 7 + -4).
1
Calculate 62 - (-23 - (-66 + 1)).
20
What is -14 + -13 + (-36 - -63) + (-5 - -3)?
-2
Calculate -1862 + 1766 + -24 + (-6 - -11).
-115
What is 74 - (219 - 97) - -6?
-42
What is 68 + 2 + -1 + (6904 - 6895)?
78
What is -17 + (146 + 0 - (130 - (-95 - -210)))?
114
What is the value of -70 + (37 - -38) + -50?
-45
What is the value of -46 + 29 - (-18 - (-27 - -14))?
-12
What is the value of -3 - (29 + (-4 + (3 - -8) - 15) - -11)?
-35
Calculate (-12 - -49) + -53 - (9 + 0).
-25
4 + (-17 - (0 + 86 - (242 - 238)))
-95
42 - 75 - (-4 - -30 - 6)
-53
Calculate 114 - (87 - 95 - -103).
19
(40 + -3 - 0 - 15) + (0 - 34)
-12
What is the value of (20 + -1 - (8 - -11)) + -56 + 7 + -1?
-50
(0 - 0 - 33) + -83 + 74 + 0
-42
Evaluate (-20 - 22) + 31 + -11.
-22
What is -66 - (67 + -113) - 80?
-100
What is the value of 1 + (2 - -33) + 109 + -91?
54
Calculate 25 + -9 - (-18 + 1).
33
What is the value of 34 + (-129 - 6 - -30) + 8?
-63
Calculate -98 - (-12 + (17 - 48)).
-55
-158 + 172 + (8 - (-2 + 1))
23
What is the value of 44 - ((-58 - 0) + 113) - (-1 - -14)?
-24
What is the value of (-3 - -11) + -589 + 578?
-3
What is 5 + -5 + (52 - (1 - 2 - 7))?
60
Calculate 10 - (0 + 9 + 3 - -1) - 6.
-9
Evaluate 21 - -17 - (102 + -102).
38
(0 - (-4 + 2)) + -1 - (-9 + 5 + -37)
42
Evaluate 7 + (-1 - 4 - (21 + (27 - 7))).
-39
Evaluate 17 - -54 - 109 - (-1 - 21).
-16
What is 22 - (30 + -10 + 6) - 11?
-15
Calculate -37 + 14 + 55 + -18 + 74.
88
7 + (-21 + 4 - -89) + -4 + (9 - -8)
92
Calculate -50 - (-1 + (0 - -3) + (24 - 21) + -1).
-54
What is 63 - ((37 - 23) + (-1 - 5 - 12))?
67
What is the value of (-10 - (1 + 4 + 6)) + 20?
-1
-83 - ((-2 - -31) + -60)
-52
What is (1 + 0 - (-8 - -2)) + (-20 - 11 - 26)?
-50
Evaluate (-28 - (0 + 0) - -20) + -21 + 1.
-28
Evaluate -49 + -20 + (195 - 66).
60
What is -254 - -297 - (22 - -3)?
18
Calculate -1 + -1 + (7 + 9 + 6 + -5 - 7).
8
What is the value of 110 - (56 + (107 - 144))?
91
Calculate (65 - 47 - (3 + (7 - 1))) + -22 + 141.
128
What is the value of 60 + 1 + (136 - 159) - (4 + 1)?
33
What is the value of 50 - (13 - (-5 - 46))?
-14
17 - (-6 + (-2 - 13 - -52)) - -95
81
Evaluate -55 - (12 + -6 + 1 + -8 - -3).
-57
What is 20 + -119 - -204 - 35?
70
Evaluate -16 + (67 - (6 + 4 - -5)).
36
What is the value of -11 + 14 + (65 - -21) + (-2 - 2) + -12?
73
What is 8 + (-39 - 13) - -21?
-23
Calculate 7 + 14 + -11 + (36 - 39).
7
-19 - -8 - -54 - 94
-51
Evaluate (-3 + 9 - 4) + (85 - 69) - 8.
10
What is -63 + (4 - 5) - 1 - (6 - (-4 + -3))?
-78
What is the value of 90 - (-40 + 40) - 205?
-115
Calculate (-10 + 7 + 5 - 8) + (-56 - -5).
-57
Calculate -26 - -14 - ((-12 - (11 + 96)) + 12).
95
Calculate 57 + 26 + -41 + -46.
-4
What is the value of -9